{"id":872,"date":"2021-04-04T23:09:35","date_gmt":"2021-04-04T23:09:35","guid":{"rendered":"http:\/\/diasil.com.br\/?page_id=872"},"modified":"2025-05-16T12:06:13","modified_gmt":"2025-05-16T12:06:13","slug":"veros","status":"publish","type":"page","link":"https:\/\/diasil.com.br\/index.php\/adjuvantes\/veros\/","title":{"rendered":"VEROS"},"content":{"rendered":"\t\t<div data-elementor-type=\"wp-page\" data-elementor-id=\"872\" class=\"elementor elementor-872\">\n\t\t\t\t\t\t<section class=\"elementor-section elementor-top-section elementor-element elementor-element-427dc6e5 elementor-section-full_width elementor-section-height-default elementor-section-height-default\" data-id=\"427dc6e5\" data-element_type=\"section\" id=\"header_paginas\">\n\t\t\t\t\t\t<div class=\"elementor-container elementor-column-gap-no\">\n\t\t\t\t\t<div class=\"elementor-column elementor-col-100 elementor-top-column elementor-element elementor-element-1df80d6f\" data-id=\"1df80d6f\" data-element_type=\"column\">\n\t\t\t<div class=\"elementor-widget-wrap elementor-element-populated\">\n\t\t\t\t\t\t<div class=\"elementor-element elementor-element-c96a6be elementor-align-left elementor-widget elementor-widget-home-1-header\" data-id=\"c96a6be\" data-element_type=\"widget\" data-widget_type=\"home-1-header.default\">\n\t\t\t\t<div class=\"elementor-widget-container\">\n\t\t\t\n\t\t<header>\n\t\t\t<div class=\"home-slider\">\n\t\t\t\t<!-- partial:index.partial.html -->\n\t\t\t\t<div class=\"hero-slider\" data-carousel>\n\t\t\t\t\t\t\t\t\t\t\t\t\t\t\t\t\t\t<div class=\"carousel-cell\" style=\"background-image:url(http:\/\/diasil.com.br\/wp-content\/uploads\/2021\/03\/diasil_capa01-1.jpg);\">\n\t\t\t\t\t\t\t\t\t\t\t\t\t\t<div class=\"overlay\"><\/div>\n\t\t\t\t\t\t\t<div class=\"container slider-caption\">\n\t\t\t\t\t\t\t\t\t\t\t\t\t\t\t\t\t\t\t\t\t\t\t\t\t<h2 class=\"title\">ADJUVANTES<\/h2>\n\t\t\t\t\t\t\t\t\t\t\t\t\t\t\t\t<div class=\"slider-btn\">\n\t\t\t\t\t\t\t\t\t\t\t\t\t\t\t\t\t\t\t\t\t\t\t\t\t\t<\/div>\n\t\t\t\t\t\t\t<\/div>\n\t\t\t\t\t\t<\/div>\n\t\t\t\t\t\t\t\t\t\t\t<\/div>\n\t\t\t\t\t<!-- partial -->\n\t\t\t\t<\/div>\n\t\t\t<\/header>\n\t\t\t<\/div>\n\t\t\t\t<\/div>\n\t\t\t\t\t<\/div>\n\t\t<\/div>\n\t\t\t\t\t<\/div>\n\t\t<\/section>\n\t\t\t\t<section class=\"elementor-section elementor-top-section elementor-element elementor-element-6c287836 elementor-section-boxed elementor-section-height-default elementor-section-height-default\" data-id=\"6c287836\" data-element_type=\"section\">\n\t\t\t\t\t\t<div class=\"elementor-container elementor-column-gap-default\">\n\t\t\t\t\t<div class=\"elementor-column elementor-col-50 elementor-top-column elementor-element elementor-element-7274d8af\" data-id=\"7274d8af\" data-element_type=\"column\">\n\t\t\t<div class=\"elementor-widget-wrap elementor-element-populated\">\n\t\t\t\t\t\t<div class=\"elementor-element elementor-element-771d0f6 elementor-widget elementor-widget-image\" data-id=\"771d0f6\" data-element_type=\"widget\" data-widget_type=\"image.default\">\n\t\t\t\t<div class=\"elementor-widget-container\">\n\t\t\t<style>\/*! elementor - v3.19.0 - 28-02-2024 *\/\n.elementor-widget-image{text-align:center}.elementor-widget-image a{display:inline-block}.elementor-widget-image a img[src$=\".svg\"]{width:48px}.elementor-widget-image img{vertical-align:middle;display:inline-block}<\/style>\t\t\t\t\t\t\t\t\t\t<img fetchpriority=\"high\" decoding=\"async\" width=\"417\" height=\"313\" src=\"https:\/\/diasil.com.br\/wp-content\/uploads\/2021\/04\/logo.produtos_veros.png\" class=\"attachment-large size-large wp-image-876\" alt=\"\" srcset=\"https:\/\/diasil.com.br\/wp-content\/uploads\/2021\/04\/logo.produtos_veros.png 417w, https:\/\/diasil.com.br\/wp-content\/uploads\/2021\/04\/logo.produtos_veros-300x225.png 300w\" sizes=\"(max-width: 417px) 100vw, 417px\" \/>\t\t\t\t\t\t\t\t\t\t\t\t\t<\/div>\n\t\t\t\t<\/div>\n\t\t\t\t<div class=\"elementor-element elementor-element-76a92b37 elementor-widget elementor-widget-image\" data-id=\"76a92b37\" data-element_type=\"widget\" data-widget_type=\"image.default\">\n\t\t\t\t<div class=\"elementor-widget-container\">\n\t\t\t\t\t\t\t\t\t\t\t\t\t<img decoding=\"async\" width=\"928\" height=\"928\" src=\"https:\/\/diasil.com.br\/wp-content\/uploads\/2021\/04\/embalagens_veros.png\" class=\"attachment-full size-full wp-image-875\" alt=\"\" srcset=\"https:\/\/diasil.com.br\/wp-content\/uploads\/2021\/04\/embalagens_veros.png 928w, https:\/\/diasil.com.br\/wp-content\/uploads\/2021\/04\/embalagens_veros-300x300.png 300w, https:\/\/diasil.com.br\/wp-content\/uploads\/2021\/04\/embalagens_veros-150x150.png 150w, https:\/\/diasil.com.br\/wp-content\/uploads\/2021\/04\/embalagens_veros-768x768.png 768w\" sizes=\"(max-width: 928px) 100vw, 928px\" \/>\t\t\t\t\t\t\t\t\t\t\t\t\t<\/div>\n\t\t\t\t<\/div>\n\t\t\t\t<div class=\"elementor-element elementor-element-27e2d7fc elementor-widget elementor-widget-text-editor\" data-id=\"27e2d7fc\" data-element_type=\"widget\" data-widget_type=\"text-editor.default\">\n\t\t\t\t<div class=\"elementor-widget-container\">\n\t\t\t<style>\/*! elementor - v3.19.0 - 28-02-2024 *\/\n.elementor-widget-text-editor.elementor-drop-cap-view-stacked .elementor-drop-cap{background-color:#69727d;color:#fff}.elementor-widget-text-editor.elementor-drop-cap-view-framed .elementor-drop-cap{color:#69727d;border:3px solid;background-color:transparent}.elementor-widget-text-editor:not(.elementor-drop-cap-view-default) .elementor-drop-cap{margin-top:8px}.elementor-widget-text-editor:not(.elementor-drop-cap-view-default) .elementor-drop-cap-letter{width:1em;height:1em}.elementor-widget-text-editor .elementor-drop-cap{float:left;text-align:center;line-height:1;font-size:50px}.elementor-widget-text-editor .elementor-drop-cap-letter{display:inline-block}<\/style>\t\t\t\t<h6><span style=\"color: #ffffff;\"><strong>Produzido por DIASIL QU\u00cdMICA LTDA<\/strong><\/span><br \/><span style=\"color: #ffffff;\"><strong>Registro no MAPA: 80810-5<\/strong><\/span><br \/><span style=\"color: #ffffff;\"><strong>CNPJ 69.040.541\/0001-40<\/strong><\/span><\/h6>\t\t\t\t\t\t<\/div>\n\t\t\t\t<\/div>\n\t\t\t\t\t<\/div>\n\t\t<\/div>\n\t\t\t\t<div class=\"elementor-column elementor-col-50 elementor-top-column elementor-element elementor-element-16b95677\" data-id=\"16b95677\" data-element_type=\"column\">\n\t\t\t<div class=\"elementor-widget-wrap elementor-element-populated\">\n\t\t\t\t\t\t<div class=\"elementor-element elementor-element-2ce047b9 elementor-widget elementor-widget-text-editor\" data-id=\"2ce047b9\" data-element_type=\"widget\" data-widget_type=\"text-editor.default\">\n\t\t\t\t<div class=\"elementor-widget-container\">\n\t\t\t\t\t\t\t<p>VEROS \u00e9 um Adjuvante composto por Extratos de plantas e Terpenos.<br \/>\u00c9 indicado para inseticidas e acaricidas qu\u00edmicos e biol\u00f3gicos.<\/p><p>VEROS foi desenvolvido para situa\u00e7\u00f5es adversas, pois auxilia e potencializa o efeito da aplica\u00e7\u00e3o, garantindo o m\u00e1ximo de aproveitamento dos inseticidas contra as pragas agr\u00edcolas, resultando em plantas mais fortes, saud\u00e1veis e portanto mais produtivas.<\/p><p>Indicado para auxiliar o MIP(Manejo Integrado de Pragas)<\/p><p>Dispensa a adi\u00e7\u00e3o de adjuvantes.<\/p><table class=\"tabelaproduto\" data-tablestyle=\"MsoTableGrid\" data-tablelook=\"1696\"><tbody><tr><th style=\"text-align: center;\" colspan=\"3\" data-celllook=\"0\"><span data-contrast=\"auto\">RECOMENDA\u00c7\u00d5ES DE USO<\/span><\/th><\/tr><tr><th style=\"text-align: center;\" data-celllook=\"0\"><span data-contrast=\"auto\">Vaz\u00e3o em litros por HA<\/span><\/th><th style=\"text-align: center;\" data-celllook=\"0\"><span data-contrast=\"auto\">Dilui\u00e7\u00e3o<\/span><\/th><th style=\"text-align: center;\" data-celllook=\"0\"><span data-contrast=\"auto\">Dosle por 100L<\/span><\/th><\/tr><tr><td data-celllook=\"0\"><span data-contrast=\"auto\">Abaixo de 40<\/span><\/td><td style=\"text-align: center;\" data-celllook=\"0\"><span data-contrast=\"auto\">0,8%<\/span><\/td><td style=\"text-align: center;\" data-celllook=\"0\"><span data-contrast=\"auto\">800ml<\/span><\/td><\/tr><tr><td data-celllook=\"0\"><span data-contrast=\"auto\">De 40 a 150<\/span><\/td><td style=\"text-align: center;\" data-celllook=\"0\"><span data-contrast=\"auto\">0,4%<\/span><\/td><td style=\"text-align: center;\" data-celllook=\"0\"><span data-contrast=\"auto\">400ml<\/span><\/td><\/tr><tr><td data-celllook=\"0\"><span data-contrast=\"auto\">De 150 a 600<\/span><\/td><td style=\"text-align: center;\" data-celllook=\"0\"><span data-contrast=\"auto\">0,1%<\/span><\/td><td style=\"text-align: center;\" data-celllook=\"0\"><span data-contrast=\"auto\">100ml<\/span><\/td><\/tr><tr><td data-celllook=\"0\"><span data-contrast=\"auto\">Acima de600<\/span><\/td><td style=\"text-align: center;\" data-celllook=\"0\"><span data-contrast=\"auto\">0,05%<\/span><\/td><td style=\"text-align: center;\" data-celllook=\"0\"><span data-contrast=\"auto\">50ml<\/span><\/td><\/tr><\/tbody><\/table><p>\u00a0<\/p>\t\t\t\t\t\t<\/div>\n\t\t\t\t<\/div>\n\t\t\t\t\t<\/div>\n\t\t<\/div>\n\t\t\t\t\t<\/div>\n\t\t<\/section>\n\t\t\t\t<\/div>\n\t\t","protected":false},"excerpt":{"rendered":"<p>ADJUVANTES Produzido por DIASIL QU\u00cdMICA LTDARegistro no MAPA: 80810-5CNPJ 69.040.541\/0001-40 VEROS \u00e9 um Adjuvante composto por Extratos de plantas e Terpenos.\u00c9 indicado para inseticidas e acaricidas qu\u00edmicos e biol\u00f3gicos. VEROS foi desenvolvido para situa\u00e7\u00f5es adversas, pois auxilia e potencializa o efeito da aplica\u00e7\u00e3o, garantindo o m\u00e1ximo de aproveitamento dos inseticidas contra as pragas agr\u00edcolas, resultando [&hellip;]<\/p>\n","protected":false},"author":1,"featured_media":0,"parent":263,"menu_order":0,"comment_status":"closed","ping_status":"closed","template":"elementor_header_footer","meta":{"inline_featured_image":false,"footnotes":""},"class_list":["post-872","page","type-page","status-publish","hentry"],"_links":{"self":[{"href":"https:\/\/diasil.com.br\/index.php\/wp-json\/wp\/v2\/pages\/872","targetHints":{"allow":["GET"]}}],"collection":[{"href":"https:\/\/diasil.com.br\/index.php\/wp-json\/wp\/v2\/pages"}],"about":[{"href":"https:\/\/diasil.com.br\/index.php\/wp-json\/wp\/v2\/types\/page"}],"author":[{"embeddable":true,"href":"https:\/\/diasil.com.br\/index.php\/wp-json\/wp\/v2\/users\/1"}],"replies":[{"embeddable":true,"href":"https:\/\/diasil.com.br\/index.php\/wp-json\/wp\/v2\/comments?post=872"}],"version-history":[{"count":16,"href":"https:\/\/diasil.com.br\/index.php\/wp-json\/wp\/v2\/pages\/872\/revisions"}],"predecessor-version":[{"id":1230,"href":"https:\/\/diasil.com.br\/index.php\/wp-json\/wp\/v2\/pages\/872\/revisions\/1230"}],"up":[{"embeddable":true,"href":"https:\/\/diasil.com.br\/index.php\/wp-json\/wp\/v2\/pages\/263"}],"wp:attachment":[{"href":"https:\/\/diasil.com.br\/index.php\/wp-json\/wp\/v2\/media?parent=872"}],"curies":[{"name":"wp","href":"https:\/\/api.w.org\/{rel}","templated":true}]}}